g - g - 614. Let m = 645 + g. List the prime factors of m.
3, 113
Let k = 33 + -25. Let a(m) = 24*m**2 + 11*m - 94. What are the prime factors of a(k)?
2, 3, 5, 17
Let p(y) = 8*y + 703*y**2 + 701*y**2 + 59 - 1403*y**2 + y**3. What are the prime factors of p(8)?
3, 233
Let p(k) = -1741*k + 10. Let b be p(-2). Suppose -27*c + b = -21*c. List the prime factors of c.
2, 3, 97
Suppose -2125 + 3891 - 28136 = -9*n. List the prime factors of n.
2, 5, 293
Suppose -5 = -5*x - 4*i, -3*i + 0*i = -3*x + 30. Suppose -k = -x*y + 137, -y + 40 = -k + 5*k. What are the prime factors of y?
2, 7
Suppose -32 = -5*r - 3*s, 7*s - 9*s = -4*r + 8. List the prime factors of r/8 + 513/2.
257
Let g(m) = 4*m - 8. Let p(v) be the third derivative of v**4/8 - 7*v**3/6 - 20*v**2. Let a(l) = -5*g(l) + 6*p(l). List the prime factors of a(-2).
2
Let r be 18/27 + 21/9. Suppose 0 = -r*t + 2*l + 1601, -609 + 3248 = 5*t + 4*l. What are the prime factors of t?
3, 59
Let k = 320 + -313. Suppose 2*c + k*c = 1386. What are the prime factors of c?
2, 7, 11
Suppose -3*v + 6*v - 1112040 = -69*v. What are the prime factors of v?
5, 3089
Let s(i) = -5*i**3 + 313*i**2 + 159*i - 200. What are the prime factors of s(63)?
1879
Let g = -55359 + 140041. List the prime factors of g.
2, 13, 3257
Suppose 963273 - 2767143 = -85*l. List the prime factors of l.
2, 3, 131
Suppose -2*o + 5*o - 156583 = h, -3*h + 104407 = 2*o. What are the prime factors of o?
2, 13049
Let l(m) = -3*m**3 + 16*m**2 - 6*m + 31. Let n be l(5). Let v(r) be the first derivative of 4*r**2 - 3*r - 4. What are the prime factors of v(n)?
5, 41
Suppose -3*z - 12 = 0, 0 = 2*i + 5*z - 0*z + 60. Let q = 16 + i. Let x(j) = 12*j**2 - 6*j - 19. List the prime factors of x(q).
197
Let m(c) = -10*c**3 - 2*c**2 - c. Let k be m(-1). Suppose 12*n - 936 = k*n. What are the prime factors of n?
2, 3, 13
Let o(w) = 7*w**2 - 4*w + 31. Let d(f) = -f**2 - f - 2. Let g(p) = 2*d(p) + o(p). What are the prime factors of g(9)?
2, 3, 7
Suppose -4*h - z - 47 = -41, 5*h = z - 12. List the prime factors of ((-897)/(-65) + -6)/(h/(-290)).
3, 13, 29
Suppose 25*f - 21*f + 16 = 0. Let i(o) = 3*o**2 - 5*o - 16. Let c(u) = -u**2 - u + 1. Let s(d) = f*c(d) - i(d). What are the prime factors of s(-11)?
2, 17
Suppose -8*k = -4*k - 556. Suppose k = 7*f - 85. List the prime factors of 11/(22/4)*f*2.
2
List the prime factors of 36/(12 + 1161/(-97)).
2, 3, 97
Let w = 58 - -121. Suppose -w*b + 178*b = -364. What are the prime factors of b?
2, 7, 13
What are the prime factors of 25202/2 - ((-5)/(-4))/(11/44)?
2, 47, 67
Let j(a) = -a**2 + 15*a - 18. Let h be ((-21)/6 + -4)*(-8)/10. What are the prime factors of j(h)?
2, 3
Let z = 123 + -108. What are the prime factors of z*(39/13 + 9/(-5))?
2, 3
Let z(i) = i**3 - i**2 - 457. Let x be z(0). Let k = x + 1387. What are the prime factors of k?
2, 3, 5, 31
Suppose 156*b + 40*b = 929372 + 3284236. List the prime factors of b.
2, 3, 3583
Let b be (2/(-4) - 0)*(-1 - 5). Suppose 3*o - j - 4 = 0, 5*o = b*j + 1 + 3. Suppose -o*m = 2*x - 22, 4*x + 26 = m + 2*m. List the prime factors of m.
2, 5
What are the prime factors of (15 - (12 + 5))*3078/(-4)?
3, 19
Let m(c) = 45*c - 122. Suppose -7*h + 13*h - 54 = 0. List the prime factors of m(h).
283
Suppose 3*r + 4*i + 3 = 0, -2*i = -5*r - 0*i + 21. Suppose -330 = -9*s + r*s. Let o = 62 + s. List the prime factors of o.
3, 13
Let l(x) = -117*x + 320. Let y be l(7). Let z = 747 + y. What are the prime factors of z?
2, 31
List the prime factors of ((-228)/(-8)*5/3)/(19/29146).
5, 13, 19, 59
Suppose -27*o + 12 = -23*o. Suppose -o*m + 1334 = -3*z + 299, -5*m - 4*z + 1725 = 0. List the prime factors of m.
3, 5, 23
Let w(b) = 3*b - 1. Let t(c) = c**2 - 3*c - 13. Let k be t(-5). Suppose 5*a = -2*y - 0*y + k, -3*y = 5*a - 28. What are the prime factors of w(y)?
2
Let q(v) = -8*v + 20. Let k be q(52). Let y = -301 - k. What are the prime factors of y?
5, 19
Let z(i) = 2*i**3 - 4*i**2 - 2*i + 6. Suppose 43 = -2*t + 47. Suppose 5*w = -0*h + 2*h - 1, -5 = -h - t*w. List the prime factors of z(h).
2, 3
What are the prime factors of (7/((-42)/60))/((-24)/75552)?
2, 5, 787
Suppose 0 = -8*v + 83 - 19. List the prime factors of (v + -9)/((-2 - -4)/(-998)).
499
Let j(d) = -49*d - 12. Let x be j(0). List the prime factors of (-15718)/(-20) - (1071/90 + x).
2, 3, 131
Let b = -131 + 186. Let g = -346 - -486. Let j = g - b. What are the prime factors of j?
5, 17
Let y = -41 - -41. Suppose 4*n = 8*n - 3*j - 6, y = -n + j + 2. Suppose 3*l - 16 - 5 = n. What are the prime factors of l?
7
What are the prime factors of 1173 + -12 + -8 + -1?
2, 3
Suppose -15*b - 19*b + 15*b = -87609. What are the prime factors of b?
3, 29, 53
Let t = -4179 + 20087. List the prime factors of t.
2, 41, 97
Let x(m) = -4*m - 3*m**2 + 5 - 1 + 3*m**3 - 4*m**3. Let q be (-3)/(-6) - (-650)/(-100). List the prime factors of x(q).
2, 17
Let i = 33376 + -19584. List the prime factors of i.
2, 431
Let r = -85242 - -147374. List the prime factors of r.
2, 7, 317
Suppose 2*a + 50 = 5*c, -2*a - 2 = 8. Let b(z) = c*z - 13*z - 27*z - 4 - 13*z**2 - z**3 - 3*z. What are the prime factors of b(-10)?
2, 23
Suppose 208 = 10*o - 23*o. Let k be (-4)/(-6) - 10/(-30). What are the prime factors of o/(-1)*1*(k + 3)?
2
Let g(i) = -52 - 6*i + 61 - 19*i - i**2 + 3*i. Let u be g(-20). Suppose p + 4*s - u = 0, -4*s + 197 = 4*p + p. List the prime factors of p.
37
Let q(g) = -g**3 - 13*g**2 - 65*g - 47. List the prime factors of q(-17).
2, 3, 41
Suppose -5*n + 93709 = -4*j, 70*n - 4*j - 74968 = 66*n. List the prime factors of n.
3, 6247
Let u(n) = 4*n. Let g be u(0). Suppose -d = -a + 1, -2*d = -a - g*a + 2. Suppose a = 7*l - 0*l - 182. What are the prime factors of l?
2, 13
Let x(q) = 8044*q**2 + 89*q + 10. What are the prime factors of x(2)?
2, 3, 29, 31
Suppose -3*n - 2*n + 17 = 2*g, 0 = 2*n - 4*g - 26. Suppose -l + 338 = 2*y - 31, 0 = n*l - 3*y - 1910. List the prime factors of l.
379
Let d(h) be the first derivative of -h**4/2 - 2*h**3 + h**2/2 + 4*h - 195. List the prime factors of d(-7).
389
Let k(g) be the second derivative of -g**5/20 - 11*g**4/6 - 13*g**3/6 + 27*g**2/2 + 12*g - 4. List the prime factors of k(-22).
313
List the prime factors of 80/(-600) - 30542*(-2)/30.
2, 509
Let f = -1200 + 3210. Let i = f - 968. What are the prime factors of i?
2, 521
Let m(r) = -r**3 - 23*r**2 - 20*r + 44. Let g be m(-22). What are the prime factors of (0 - (-3 - g))*34?
2, 3, 17
Let v = 5695 - -1937. List the prime factors of v.
2, 3, 53
Suppose -7797 - 743 = -5*i. Suppose -s + 1722 = -4*w, s + 4*w - w = i. What are the prime factors of s?
2, 857
Suppose -2*z + 14 = -2*b, 11 = -z - 5*b - 6. Suppose 0 = -z*p + 6*p - 3, -5*v - p = -1891. What are the prime factors of v?
2, 3, 7
Suppose -16*h + 17*h - 4 = 0. Suppose 5*w - h*j - 2035 - 790 = 0, -2*w - j + 1117 = 0. List the prime factors of w.
3, 11, 17
Let l(a) = 7443 - 10*a**2 - 7452 + a**3 + 6*a + 5*a. List the prime factors of l(12).
3, 137
Suppose -3*f - 9 = 9. Let r be (1 - 21)/((-6)/9). Let a = r + f. What are the prime factors of a?
2, 3
Let m(i) = -5*i + 8 + 0*i**2 + 0*i**3 - 7*i**2 - i**3. Let g = -2055 + 2049. List the prime factors of m(g).
2
Let z be ((-4)/6)/(-2) + (-1788435)/(-135). Suppose 5*j + 13*j - z = 0. List the prime factors of j.
2, 23
Let h(m) = m**3 + 52*m**2 + 89*m + 119. What are the prime factors of h(-49)?
3, 7, 47
Let a(g) = -2*g + 13. Let w be a(5). Suppose 0 = -2*m + 2*n + 9 + 5, -5*n + 13 = 3*m. Suppose w*u + m*u = 1026. What are the prime factors of u?
2, 3, 19
Let u(y) = 2*y**3 - 21*y**2 - 10*y - 7. Let q be u(11). Let g = -1 + q. Suppose -1187 = -4*b + g*r, -11 - 14 = 5*r. What are the prime factors of b?
293
Let s(i) = -167*i + 58. List the prime factors of s(-20).
2, 1699
Suppose 3*s - f - 379 = 0, -31 - 91 = -s - 4*f. Let v(p) = p**2 + 19*p. Let y be v(-13). Let n = s + y. What are the prime factors of n?
2, 3
Let l be (-27)/(-18)*(-1126)/3. Let z = l + 867. What are the prime factors of z?
2, 19
Let v(t) = 2*t - 24. Let a be v(13). Let h(r) = 8 - 27*r - a - 82*r. List the prime factors of h(-1).
5, 23
Suppose -235*t + 5*x + 14047 = -233*t, 4*t - 4*x = 28100. What are the prime factors of t?
2, 3, 1171
Let d = 69215 - 32236. List the prime factors of d.
36979
Let q be (-556)/(-8)